 hundred thousands digit of 398871?
3
What is the hundred thousands digit of 209866?
2
What is the units digit of 1229881?
1
What is the hundreds digit of 4291522?
5
What is the ten thousands digit of 20428847?
2
What is the ten thousands digit of 175550?
7
What is the hundred thousands digit of 282770?
2
What is the thousands digit of 671302?
1
What is the hundred thousands digit of 1943617?
9
What is the millions digit of 5627417?
5
What is the thousands digit of 1640188?
0
What is the ten thousands digit of 826255?
2
What is the hundreds digit of 6882690?
6
What is the tens digit of 442954?
5
What is the thousands digit of 270393?
0
What is the hundreds digit of 28745?
7
What is the hundred thousands digit of 30769639?
7
What is the tens digit of 1323875?
7
What is the hundred thousands digit of 1138689?
1
What is the millions digit of 34718406?
4
What is the hundreds digit of 1050734?
7
What is the millions digit of 6776771?
6
What is the ten thousands digit of 9306116?
0
What is the units digit of 11423174?
4
What is the ten thousands digit of 275586?
7
What is the thousands digit of 182318?
2
What is the units digit of 6140120?
0
What is the hundreds digit of 93380?
3
What is the units digit of 412839?
9
What is the hundreds digit of 56369?
3
What is the thousands digit of 94495?
4
What is the tens digit of 212105?
0
What is the hundred thousands digit of 152383?
1
What is the tens digit of 727498?
9
What is the millions digit of 1161377?
1
What is the ten thousands digit of 72048?
7
What is the millions digit of 4511599?
4
What is the ten thousands digit of 1986254?
8
What is the units digit of 32806?
6
What is the tens digit of 3757632?
3
What is the ten thousands digit of 4308565?
0
What is the units digit of 4451429?
9
What is the tens digit of 379275?
7
What is the tens digit of 633935?
3
What is the thousands digit of 4550286?
0
What is the hundred thousands digit of 788801?
7
What is the thousands digit of 932179?
2
What is the tens digit of 533136?
3
What is the ten thousands digit of 91357?
9
What is the hundreds digit of 205002?
0
What is the ten thousands digit of 612209?
1
What is the units digit of 49244?
4
What is the ten thousands digit of 769618?
6
What is the units digit of 410891?
1
What is the thousands digit of 22108?
2
What is the millions digit of 1013406?
1
What is the hundred thousands digit of 259300?
2
What is the ten millions digit of 22410333?
2
What is the hundred thousands digit of 236621?
2
What is the hundreds digit of 414508?
5
What is the ten thousands digit of 12059243?
5
What is the thousands digit of 7077361?
7
What is the tens digit of 21058401?
0
What is the hundred thousands digit of 1547641?
5
What is the ten thousands digit of 8050705?
5
What is the hundred thousands digit of 5578293?
5
What is the tens digit of 573447?
4
What is the tens digit of 708680?
8
What is the hundreds digit of 549351?
3
What is the hundred thousands digit of 1256015?
2
What is the thousands digit of 324702?
4
What is the hundreds digit of 193431?
4
What is the hundreds digit of 2121688?
6
What is the tens digit of 76443?
4
What is the ten thousands digit of 157690?
5
What is the thousands digit of 25807119?
7
What is the tens digit of 603403?
0
What is the hundred thousands digit of 1480626?
4
What is the thousands digit of 86307?
6
What is the units digit of 140632?
2
What is the tens digit of 2089849?
4
What is the tens digit of 229243?
4
What is the units digit of 7077691?
1
What is the hundreds digit of 77565?
5
What is the units digit of 50784?
4
What is the thousands digit of 1871494?
1
What is the hundreds digit of 2130927?
9
What is the units digit of 3125736?
6
What is the thousands digit of 311118?
1
What is the units digit of 4042935?
5
What is the hundreds digit of 9211410?
4
What is the units digit of 452308?
8
What is the hundred thousands digit of 25785712?
7
What is the hundreds digit of 4875442?
4
What is the thousands digit of 2341533?
1
What is the tens digit of 92024?
2
What is the millions digit of 13580315?
3
What is the hundreds digit of 1023998?
9
What is the thousands digit of 342928?
2
What is the hundreds digit of 1310042?
0
What is the hundred thousands digit of 7046876?
0
What is the hundreds digit of 2166164?
1
What is the hundred thousands digit of 3702244?
7
What is the ten thousands digit of 13986607?
8
What is the thousands digit of 5615212?
5
What is the thousands digit of 158791?
8
What is the units digit of 589806?
6
What is the ten thousands digit of 683794?
8
What is the thousands digit of 441671?
1
What is the tens digit of 1463372?
7
What is the hundred thousands digit of 18466926?
4
What is the tens digit of 490820?
2
What is the ten thousands digit of 185412?
8
What is the tens digit of 1487672?
7
What is the ten thousands digit of 943100?
4
What is the units digit of 216399?
9
What is the ten thousands digit of 1377483?
7
What is the tens digit of 1021012?
1
What is the ten thousands digit of 7990229?
9
What is the units digit of 1394662?
2
What is the millions digit of 2272814?
2
What is the units digit of 2110910?
0
What is the tens digit of 19306805?
0
What is the ten thousands digit of 372258?
7
What is the hundred thousands digit of 16640460?
6
What is the hundreds digit of 415663?
6
What is the thousands digit of 603493?
3
What is the tens digit of 1859153?
5
What is the thousands digit of 516434?
6
What is the hundreds digit of 196958?
9
What is the thousands digit of 417296?
7
What is the thousands digit of 259732?
9
What is the tens digit of 491007?
0
What is the ten millions digit of 15023204?
1
What is the units digit of 537694?
4
What is the ten thousands digit of 5925434?
2
What is the tens digit of 295867?
6
What is the hundred thousands digit of 4973709?
9
What is the millions digit of 4911816?
4
What is the tens digit of 4931054?
5
What is the units digit of 2938194?
4
What is the hundred thousands digit of 1137761?
1
What is the hundreds digit of 8215003?
0
What is the hundreds digit of 1600326?
3
What is the thousands digit of 11650346?
0
What is the millions digit of 23128398?
3
What is the hundreds digit of 8372?
3
What is the thousands digit of 8993117?
3
What is the ten thousands digit of 194825?
9
What is the thousands digit of 629581?
9
What is the hundreds digit of 176306?
3
What is the hundreds digit of 3481892?
8
What is the tens digit of 3432242?
4
What is the hundreds digit of 269008?
0
What is the tens digit of 519880?
8
What is the thousands digit of 3605458?
5
What is the ten thousands digit of 9755827?
5
What is the units digit of 723950?
0
What is the hundred thousands digit of 3665305?
6
What is the hundreds digit of 2695732?
7
What is the tens digit of 3403872?
7
What is the tens digit of 21407438?
3
What is the units digit of 165295?
5
What is the hundred thousands digit of 1239410?
2
What is the thousands digit of 37688839?
8
What is the tens digit of 1053125?
2
What is the tens digit of 43893?
9
What is the units digit of 3196270?
0
What is the ten thousands digit of 468451?
6
What is the millions digit of 10026729?
0
What is the ten thousands digit of 9022094?
2
What is the hundred thousands digit of 526163?
5
What is the ten thousands digit of 172283?
7
What is the ten thousands digit of 10749348?
4
What is the tens digit of 659488?
8
What is the ten thousands digit of 19271418?
7
What is the hundred thousands digit of 516177?
5
What is the tens digit of 141896?
9
What is the millions digit of 2492823?
2
What is the thousands digit of 2758612?
8
What is the hundred thousands digit of 115609?
1
What is the ten thousands digit of 145178?
4
What is the units digit of 665173?
3
What is the thousands digit of 439679?
9
What is the thousands digit of 66827?
6
What is the units digit of 925358?
8
What is the tens digit of 48551?
5
What is the hundred thousands digit of 940198?
9
What is the hundred thousands digit of 146522?
1
What is the ten thousands digit of 852075?
5
What is the units digit of 2180710?
0
What is the hundred thousands digit of 14551496?
5
What is the ten thousands digit of 263153?
6
What is the units digit of 47785?
5
What is the hundreds digit of 293679?
6
What is the thousands digit of 2376757?
6
What is the hundreds